52 divide 63240487?
False
Is 1923394911 a multiple of 41?
True
Is 4 a factor of 15405?
False
Does 45 divide 4174065?
True
Is 21 a factor of 305700990?
True
Is 57288898 a multiple of 13?
False
Is 200 a factor of 113559875?
False
Is 686 a factor of 245310856?
True
Is 170 a factor of 804577514?
False
Is 3447366019 a multiple of 130?
False
Is 27 a factor of 24529986?
True
Does 84 divide 35479207?
False
Does 56 divide 53603433?
False
Is 3101 a factor of 13439734?
True
Is 267 a factor of 16817603?
False
Is 25 a factor of 97934550?
True
Is 157 a factor of 28240922?
False
Is 1733678 a multiple of 5?
False
Does 7 divide 196193821?
False
Is 1123648022 a multiple of 134?
True
Does 24 divide 21137158?
False
Does 14 divide 89394802?
True
Is 52131270 a multiple of 290?
True
Does 10 divide 2235838066?
False
Is 1723 a factor of 270338261?
False
Is 282 a factor of 4641615?
False
Is 3 a factor of 2744507?
False
Is 197003520 a multiple of 28?
True
Is 13191996 a multiple of 492?
True
Is 25 a factor of 284000410?
False
Is 656944948 a multiple of 22?
True
Is 465 a factor of 1137053340?
True
Does 1345 divide 398125380?
True
Does 273 divide 12551175?
True
Is 550646214 a multiple of 275?
False
Does 3 divide 15008006?
False
Is 47 a factor of 28809543?
True
Does 9 divide 9606301?
False
Is 14816256 a multiple of 21?
True
Is 270418496 a multiple of 296?
True
Is 607 a factor of 116794691?
True
Is 1301759207 a multiple of 17?
True
Is 41600498 a multiple of 226?
True
Is 12 a factor of 20314877?
False
Is 377658973 a multiple of 28?
False
Is 11334488 a multiple of 11?
True
Is 150231829 a multiple of 350?
False
Is 53202403 a multiple of 84?
False
Does 32 divide 137034670?
False
Does 140 divide 394186800?
True
Is 34 a factor of 1350151413?
False
Is 37 a factor of 270468187?
True
Does 2303 divide 28746046?
True
Does 891 divide 70654518?
True
Is 1525917913 a multiple of 4057?
False
Is 267 a factor of 73011951?
True
Does 9 divide 410630517?
True
Does 234 divide 479377976?
False
Does 360 divide 411394748?
False
Does 225 divide 10959075?
True
Is 445 a factor of 945625?
True
Does 139 divide 3284323831?
True
Is 104633166 a multiple of 1931?
True
Is 4 a factor of 5663422?
False
Does 418 divide 5342687?
False
Does 10 divide 43063904?
False
Is 13 a factor of 550097132?
True
Is 72550557 a multiple of 261?
False
Does 13 divide 514270471?
True
Does 21 divide 9799881?
True
Is 770 a factor of 279554660?
True
Does 14 divide 97064283?
False
Is 308731673 a multiple of 47?
True
Is 634272818 a multiple of 3?
False
Is 7490370 a multiple of 10?
True
Does 5 divide 89227905?
True
Is 4898 a factor of 146489384?
True
Does 693 divide 4893987?
False
Is 3225861163 a multiple of 47?
False
Is 999 a factor of 47162030?
False
Is 194 a factor of 64727661?
False
Is 3378 a factor of 698857530?
True
Is 10 a factor of 905275951?
False
Does 406 divide 145164666?
False
Is 366 a factor of 810872210?
False
Is 277927060 a multiple of 4660?
True
Is 776 a factor of 762280320?
True
Is 191158584 a multiple of 59?
True
Does 13 divide 21577334?
False
Is 40959009 a multiple of 169?
True
Does 2442 divide 354725527?
False
Does 35 divide 190160565?
True
Is 116 a factor of 14529464?
True
Is 3900987654 a multiple of 42?
False
Is 11036182 a multiple of 98?
False
Is 331 a factor of 82402781?
True
Is 6 a factor of 24565433?
False
Does 11 divide 30450101?
True
Does 304 divide 206487693?
False
Does 283 divide 8465070?
False
Is 4722497 a multiple of 13?
True
Does 2016 divide 37062562?
False
Does 2 divide 51649043?
False
Does 6 divide 124588?
False
Does 17 divide 48471747?
False
Does 7 divide 70937609?
False
Does 283 divide 309072270?
False
Is 12 a factor of 43677822?
False
Is 12 a factor of 3085932504?
True
Does 9 divide 291315071?
False
Is 1343 a factor of 435670543?
True
Is 1363418645 a multiple of 3964?
False
Does 995 divide 1433632815?
True
Is 7 a factor of 2458067?
False
Is 109529613 a multiple of 292?
False
Does 55 divide 21109880?
True
Is 47438780 a multiple of 5?
True
Is 4933802 a multiple of 131?
False
Does 5014 divide 514456456?
True
Is 21081053 a multiple of 25?
False
Is 28028525 a multiple of 5?
True
Is 3195794115 a multiple of 9102?
False
Is 16818072 a multiple of 134?
True
Is 645699808 a multiple of 208?
True
Is 481 a factor of 1073744477?
True
Is 107759312 a multiple of 1107?
False
Is 303324 a multiple of 16?
False
Is 1536444030 a multiple of 11?
True
Is 399 a factor of 388128846?
True
Is 30023859 a multiple of 1979?
False
Is 34138720 a multiple of 170?
True
Is 68960891 a multiple of 10?
False
Does 2 divide 564679483?
False
Is 2059943000 a multiple of 50?
True
Is 294895148 a multiple of 302?
True
Does 1175 divide 39198166?
False
Does 2767 divide 2279980330?
True
Is 175769929 a multiple of 399?
False
Does 936 divide 10257078?
False
Is 5756739 a multiple of 232?
False
Is 872 a factor of 261505824?
True
Is 243 a factor of 618219945?
True
Does 549 divide 270835084?
False
Is 49427844 a multiple of 278?
True
Does 2210 divide 175957990?
True
Does 390 divide 109590060?
False
Does 787 divide 67091750?
True
Is 4131136 a multiple of 4?
True
Is 88 a factor of 2141948512?
True
Is 2254200 a multiple of 54?
False
Is 8666928 a multiple of 48?
True
Does 62 divide 154519771?
False
Is 10195598 a multiple of 1058?
False
Is 432 a factor of 854429904?
True
Is 95301663 a multiple of 33?
False
Is 2156185750 a multiple of 511?
False
Does 20 divide 27904936?
False
Is 29 a factor of 13157909?
True
Is 2984 a factor of 59843717?
False
Does 3040 divide 242339680?
True
Does 4883 divide 92484938?
False
Does 125 divide 1909989125?
True
Does 3 divide 1502420?
False
Is 3331545 a multiple of 5?
True
Does 5 divide 531850811?
False
Is 2 a factor of 1879400?
True
Does 10 divide 152403916?
False
Does 35 divide 272306756?
False
Is 95187236 a multiple of 148?
True
Does 174 divide 25007106?
True
Does 6 divide 8693508?
True
Does 13 divide 252596448?
True
Is 60394812 a multiple of 188?
True
Is 493021188 a multiple of 3678?
True
Is 66988152 a multiple of 5418?
True
Is 20272924 a multiple of 38?
True
Is 180 a factor of 50662571?
False
Does 26 divide 1495267863?
False
Does 53 divide 45796028?
True
Is 1191 a factor of 24737969?
False
Is 1412921058 a multiple of 13?
False
Is 16 a factor of 374201648?
True
Is 20238442 a multiple of 3?
False
Does 1878 divide 9805038?
True
Does 456 divide 1230359200?
False
Does 1430 divide 17124250?
True
Is 125765408 a multiple of 1952?
True
Is 136606956 a multiple of 1884?
True
Is 851865150 a multiple of 194?
False
Is 356 a factor of 125428412?
True
Does 80 divide 121184948?
False
Is 61 a factor of 1036870985?
True
Does 12 divide 48460104?
True
Is 29 a factor of 5890863?
False
Is 157486878 a multiple of 261?
True
Does 798 divide 1070654259?
False
Is 8070368 a multiple of 107?
True
Does 19 divide 121618354?
True
Is 71897566 a multiple of 149?
True
Is 193708852 a multiple of 106?
True
Does 258 divide 18003240?
True
Does 164 divide 11905046?
False
Does 35 divide 1221484180?
True
Is 70319820 a multiple of 4?
True
Is 245 a factor of 1464306935?
True
Does 285 divide 3262522?
False
Does 111 divide 9939495?
True
Is 457402323 a multiple of 21?
True
Is 72665 a multiple of 8?
False
Is 290 a factor of 1883077300?
True
Is 87733762 a multiple of 106?
True
Does 3796 divide 986677860?
False
Does 18 divide 206369511?
False
Does 8 divide 592324951?
False
Does 856 divide 365258760?
False
Does 569 divide 59529918?
True
Does 64 divide 5092407?
False
Is 979 a factor of 704740982?
True
Is 592 a factor of 24751520?
True
Is 615909226 a multiple of 707?
False
Does 258 divide 326878243?
False
Is 14967172 a multiple of 682?
True
Does 300 divide 315367227?
False
Does 33 divide 9156972?
True
Is 1714 a factor of 511071950?
True
Does 2193 divide 376782165?
False
Is 16445425 a multiple of 557?
True
Is 16 a factor of 1310360656?
True
Does 1463 divide 49410367?
False
Is 635116559 a multiple of 169?
False
Is 11848 a factor of 1511180208?
False
Is 3 a factor of 46517807?
False
Is 9 a factor of 28641155?
False
Does 2 divide 292651097?
False
Does 455 divide 212185765?
False
Is 1980869 a multiple of 11?
True
Does 1498 divide 54664034?
False
Is 28519605 a multiple of 45?
True
Is 671 a factor of 440298181?
False
Is 47693908 a multiple of 7?
False
Is 6140568 a multiple of 306?
F